{"id":498,"date":"2011-12-04T11:33:03","date_gmt":"2011-12-04T11:33:03","guid":{"rendered":"http:\/\/www.pyykko.fi\/?page_id=498"},"modified":"2011-12-08T21:47:44","modified_gmt":"2011-12-08T21:47:44","slug":"dokumentin-ja-valokuvat","status":"publish","type":"page","link":"http:\/\/www.pyykko.fi\/?page_id=498","title":{"rendered":"Dokumentit\/valokuvat"},"content":{"rendered":"<p><a title=\"Antti Pyykk\u00f6\" href=\"http:\/\/www.pyykko.fi\/?p=533\">Antti Pyyk\u00f6n kirjeet.<\/a><\/p>\n<p><a title=\"Sigfred Pyk\u00f6in\" href=\"http:\/\/www.pyykko.fi\/?p=509\">Sigfred Pyyk\u00f6sen tuomiokirjat.<\/a><\/p>\n<p><a title=\"Helga Pyyk\u00f6nen\" href=\"http:\/\/www.pyykko.fi\/?p=538\">Helga Pyyk\u00f6sen testamentti<\/a><\/p>\n<p><a title=\"Niemela\" href=\"http:\/\/www.pyykko.fi\/?p=702\">Juho Pyyk\u00f6n perunkirjat<\/a><\/p>\n<p><a title=\"Juuan Pyykkoja\" href=\"http:\/\/www.pyykko.fi\/?p=617\">Samuli Pyyk\u00f6n kauppakirja ja nimitys<\/a><\/p>\n<p><a title=\"Heikki_Pyykko\" href=\"http:\/\/www.pyykko.fi\/?p=736\">Heikki Pyyk\u00f6n anomus kruununtorppariksi<\/a><\/p>\n<p><a title=\"Tuomiokirjat\" href=\"http:\/\/www.pyykko.fi\/?p=745\">Tuomiokirjoja<\/a><\/p>\n<p>&nbsp;<\/p>\n","protected":false},"excerpt":{"rendered":"<p>Antti Pyyk\u00f6n kirjeet. Sigfred Pyyk\u00f6sen tuomiokirjat. Helga Pyyk\u00f6sen testamentti Juho Pyyk\u00f6n perunkirjat Samuli Pyyk\u00f6n kauppakirja ja nimitys Heikki Pyyk\u00f6n anomus kruununtorppariksi Tuomiokirjoja &nbsp;<\/p>\n","protected":false},"author":3,"featured_media":0,"parent":0,"menu_order":5,"comment_status":"closed","ping_status":"closed","template":"","meta":{"footnotes":""},"class_list":["post-498","page","type-page","status-publish","hentry"],"_links":{"self":[{"href":"http:\/\/www.pyykko.fi\/index.php?rest_route=\/wp\/v2\/pages\/498","targetHints":{"allow":["GET"]}}],"collection":[{"href":"http:\/\/www.pyykko.fi\/index.php?rest_route=\/wp\/v2\/pages"}],"about":[{"href":"http:\/\/www.pyykko.fi\/index.php?rest_route=\/wp\/v2\/types\/page"}],"author":[{"embeddable":true,"href":"http:\/\/www.pyykko.fi\/index.php?rest_route=\/wp\/v2\/users\/3"}],"replies":[{"embeddable":true,"href":"http:\/\/www.pyykko.fi\/index.php?rest_route=%2Fwp%2Fv2%2Fcomments&post=498"}],"version-history":[{"count":17,"href":"http:\/\/www.pyykko.fi\/index.php?rest_route=\/wp\/v2\/pages\/498\/revisions"}],"predecessor-version":[{"id":505,"href":"http:\/\/www.pyykko.fi\/index.php?rest_route=\/wp\/v2\/pages\/498\/revisions\/505"}],"wp:attachment":[{"href":"http:\/\/www.pyykko.fi\/index.php?rest_route=%2Fwp%2Fv2%2Fmedia&parent=498"}],"curies":[{"name":"wp","href":"https:\/\/api.w.org\/{rel}","templated":true}]}}